{"id":206,"date":"2022-05-23T20:54:39","date_gmt":"2022-05-24T01:54:39","guid":{"rendered":"http:\/\/www.sucroliq.com\/site\/?page_id=206"},"modified":"2022-09-27T16:51:10","modified_gmt":"2022-09-27T21:51:10","slug":"sucroliq","status":"publish","type":"page","link":"https:\/\/www.sucroliq.com\/site\/sucroliq\/","title":{"rendered":"Sucroliq"},"content":{"rendered":"<p>[vc_row content_placement=&#8221;middle&#8221; type_background=&#8221;video_bg_element&#8221; vcmp_video_local_sound=&#8221;mute&#8221; responsive_mode=&#8221;true&#8221; css=&#8221;.vc_custom_1664303292954{margin-top: 0px !important;padding-top: 105px !important;padding-bottom: 105px !important;background-position: center !important;background-repeat: no-repeat !important;background-size: contain !important;}&#8221; vcmp_video_url=&#8221;http:\/\/www.sucroliq.com\/site\/wp-content\/uploads\/2022\/08\/sucroliq_trimmed.mp4&#8243; el_class=&#8221;extended-row&#8221;][vc_column][vc_column_text el_class=&#8221;text-white max-width-640&#8243;]<\/p>\n<h1>Sucroliq<\/h1>\n<h2>Az\u00facar l\u00edquida de alta tecnolog\u00eda.<\/h2>\n<p>Sucroliq es un jarabe de sacarosa, obtenido de la mezcla de az\u00facar de ca\u00f1a y agua con diferentes grados de purificaci\u00f3n.[\/vc_column_text][\/vc_column][\/vc_row][vc_row css_animation=&#8221;none&#8221;][vc_column offset=&#8221;vc_hidden-sm vc_hidden-xs&#8221;][vc_empty_space height=&#8221;100px&#8221;][\/vc_column][\/vc_row][vc_row content_placement=&#8221;middle&#8221; css_animation=&#8221;none&#8221;][vc_column width=&#8221;1\/6&#8243;][\/vc_column][vc_column css_animation=&#8221;fadeInUp&#8221; width=&#8221;1\/3&#8243;][vc_column_text css=&#8221;.vc_custom_1661234522198{margin-top: 30px !important;}&#8221; el_class=&#8221;text-align-right text-align-center-mobile&#8221;]<\/p>\n<h3>Sucroliq es elaborado por nuestros <span style=\"color: #0051a6;\">procesos patentados<\/span> de refinamiento, los cuales nos permiten elaborar productos bajo las <span style=\"color: #0051a6;\">especificaciones necesarias<\/span> de cada uno de nuestros clientes.<\/h3>\n<p>Es ideal para la fabricaci\u00f3n de bebidas carbonatadas, jugos, l\u00e1cteos, confiter\u00eda, conservas, panader\u00eda, cereales y muchas m\u00e1s aplicaciones.[\/vc_column_text][\/vc_column][vc_column width=&#8221;1\/3&#8243; offset=&#8221;vc_hidden-sm vc_hidden-xs&#8221;][vc_single_image image=&#8221;1118&#8243; img_size=&#8221;full&#8221; alignment=&#8221;right&#8221; css=&#8221;.vc_custom_1660083372223{margin-top: 30px !important;}&#8221; el_class=&#8221;border-radius&#8221;][\/vc_column][vc_column width=&#8221;1\/6&#8243;][\/vc_column][\/vc_row][vc_row css_animation=&#8221;none&#8221;][vc_column offset=&#8221;vc_hidden-sm vc_hidden-xs&#8221;][vc_empty_space height=&#8221;60px&#8221;][\/vc_column][\/vc_row][vc_row css_animation=&#8221;none&#8221;][vc_column width=&#8221;1\/6&#8243;][\/vc_column][vc_column css_animation=&#8221;fadeInUp&#8221; width=&#8221;2\/3&#8243;][vc_column_text css=&#8221;.vc_custom_1661234574039{margin-top: 60px !important;}&#8221;]<\/p>\n<h3 class=\"h1 subtitle\"><span style=\"color: #0051a6;\">Conoce m\u00e1s a detalle nuestros productos:<\/span><\/h3>\n<p>[\/vc_column_text][\/vc_column][vc_column width=&#8221;1\/6&#8243;][\/vc_column][\/vc_row][vc_row gap=&#8221;35&#8243; el_class=&#8221;make-row&#8221;][vc_column width=&#8221;1\/3&#8243; offset=&#8221;vc_hidden-sm vc_hidden-xs&#8221;][vc_single_image image=&#8221;545&#8243; img_size=&#8221;full&#8221; retina_image=&#8221;yes&#8221;][vc_column_text]<\/p>\n<h3><strong>Sucroliq <span class=\"underline\">Cero<\/span><\/strong> <img loading=\"lazy\" style=\"margin-top: -7px;\" src=\"http:\/\/www.sucroliq.com\/site\/wp-content\/uploads\/2022\/07\/droplet.webp\" alt=\"\" width=\"20\" height=\"25\" \/><\/h3>\n<p>Este producto se caracteriza por presentar un mayor grado de refinaci\u00f3n y decoloraci\u00f3n para obtener az\u00facar liquida clara (&lt;45 UI).<br \/>\nEl Sucroliq Cero es ampliamente usado en la industria refresquera.[\/vc_column_text]<style type=\"text\/css\">.vcmp-button.vcmp-button-1 a,\r\n\t\t \t\t\t .vcmp-button.vcmp-button-1 i {\r\n\t\t\t\t\t\t\t\tfont-size:off; \r\n\t\t\t\t\t\t  }.vcmp-button.vcmp-button-1 {\r\n\t\t\t\t\tdisplay:inline-block;\r\n\t\t\t\t}\r\n\t\t\t\t.vcmp-button.vcmp-button-1 i {\r\n\t\t\t\t\tfont-size:off; \r\n\t\t\t\t}.vcmp-button.bg-none-button-small.vcmp-button-1 a {\r\n\t\t\t\t\t\tcolor:#0a0202;\r\n\t\t\t\t\t\tborder-color:#0a0202;\r\n\t\t\t\t\t\tborder-style:solid;\r\n\t\t\t\t\t}\r\n\t\t\t\t\t.vcmp-button.bg-none-button-small.vcmp-button-1 a:hover {\r\n\t\t\t\t\t\tcolor:;\r\n\t\t\t\t\t\tborder-color:;\t\t\t\t\t\r\n\t\t\t\t\t}\r\n\t\t\t\t\t<\/style><span class=\"vcmp-button bg-none-button-small vcmp-inline-block vcmp-border-round vcmp-align-center vcmp-button-1\"><a href=\"http:\/\/www.sucroliq.com\/site\/wp-content\/uploads\/2022\/09\/EGO-010_rev_10_SUCROLIQ_CERO.pdf\" target=\"_blank\"><i class=\"adtheme-icon-arrow-down\"><\/i>Descargar PDF<\/a><\/span>[\/vc_column][vc_column width=&#8221;1\/3&#8243; offset=&#8221;vc_hidden-sm vc_hidden-xs&#8221;][vc_single_image image=&#8221;544&#8243; img_size=&#8221;full&#8221; retina_image=&#8221;yes&#8221;][vc_column_text]<\/p>\n<h3><strong>Sucroliq <span class=\"underline\">400<\/span><\/strong> <img loading=\"lazy\" style=\"margin-top: -7px;\" src=\"http:\/\/www.sucroliq.com\/site\/wp-content\/uploads\/2022\/07\/droplet.webp\" alt=\"\" width=\"20\" height=\"25\" \/><\/h3>\n<p>Az\u00facar de ca\u00f1a disuelta en agua y posteriormente refinada a trav\u00e9s de procesos de filtraci\u00f3n, apta para una variedad de aplicaciones en la industria alimenticia. Contamos con la tecnolog\u00eda para producir az\u00facar l\u00edquida con diferentes rangos de coloraci\u00f3n de acuerdo a las necesidades de nuestros clientes (600-200 UI)[\/vc_column_text]<style type=\"text\/css\">.vcmp-button.vcmp-button-2 a,\r\n\t\t \t\t\t .vcmp-button.vcmp-button-2 i {\r\n\t\t\t\t\t\t\t\tfont-size:off; \r\n\t\t\t\t\t\t  }.vcmp-button.vcmp-button-2 {\r\n\t\t\t\t\tdisplay:inline-block;\r\n\t\t\t\t}\r\n\t\t\t\t.vcmp-button.vcmp-button-2 i {\r\n\t\t\t\t\tfont-size:off; \r\n\t\t\t\t}.vcmp-button.bg-none-button-small.vcmp-button-2 a {\r\n\t\t\t\t\t\tcolor:#0a0202;\r\n\t\t\t\t\t\tborder-color:#0a0202;\r\n\t\t\t\t\t\tborder-style:solid;\r\n\t\t\t\t\t}\r\n\t\t\t\t\t.vcmp-button.bg-none-button-small.vcmp-button-2 a:hover {\r\n\t\t\t\t\t\tcolor:;\r\n\t\t\t\t\t\tborder-color:;\t\t\t\t\t\r\n\t\t\t\t\t}\r\n\t\t\t\t\t<\/style><span class=\"vcmp-button bg-none-button-small vcmp-inline-block vcmp-border-round vcmp-align-center vcmp-button-2\"><a href=\"http:\/\/www.sucroliq.com\/site\/wp-content\/uploads\/2022\/09\/EGO-030_rev_08_SUCROLIQ_400.pdf\" target=\"_blank\"><i class=\"adtheme-icon-arrow-down\"><\/i>Descargar PDF<\/a><\/span>[\/vc_column][vc_column width=&#8221;1\/3&#8243; offset=&#8221;vc_hidden-sm vc_hidden-xs&#8221;][vc_single_image image=&#8221;546&#8243; img_size=&#8221;full&#8221; retina_image=&#8221;yes&#8221;][vc_column_text]<\/p>\n<h3><strong><span class=\"underline\">Az\u00facar Invertida<\/span><\/strong>\u00a0<img loading=\"lazy\" style=\"margin-top: -7px;\" src=\"http:\/\/www.sucroliq.com\/site\/wp-content\/uploads\/2022\/07\/droplet_invert.webp\" alt=\"\" width=\"20\" height=\"25\" \/><\/h3>\n<p>Nuestra az\u00facar invertida est\u00e1 compuesta por glucosa y fructosa lo que permite que nuestro producto tenga un mayor poder edulcorante y sea ideal para procesos de panificaci\u00f3n y cervecer\u00eda. Su composici\u00f3n permite que nuestro producto sea capaz de resaltar notas y sabores particulares en bebidas y, al no presentar cristalizaci\u00f3n, su aplicaci\u00f3n se vuelve m\u00e1s diversa.[\/vc_column_text]<style type=\"text\/css\">.vcmp-button.vcmp-button-3 a,\r\n\t\t \t\t\t .vcmp-button.vcmp-button-3 i {\r\n\t\t\t\t\t\t\t\tfont-size:off; \r\n\t\t\t\t\t\t  }.vcmp-button.vcmp-button-3 {\r\n\t\t\t\t\tdisplay:inline-block;\r\n\t\t\t\t}\r\n\t\t\t\t.vcmp-button.vcmp-button-3 i {\r\n\t\t\t\t\tfont-size:off; \r\n\t\t\t\t}.vcmp-button.bg-none-button-small.vcmp-button-3 a {\r\n\t\t\t\t\t\tcolor:#0a0202;\r\n\t\t\t\t\t\tborder-color:#0a0202;\r\n\t\t\t\t\t\tborder-style:solid;\r\n\t\t\t\t\t}\r\n\t\t\t\t\t.vcmp-button.bg-none-button-small.vcmp-button-3 a:hover {\r\n\t\t\t\t\t\tcolor:;\r\n\t\t\t\t\t\tborder-color:;\t\t\t\t\t\r\n\t\t\t\t\t}\r\n\t\t\t\t\t<\/style><span class=\"vcmp-button bg-none-button-small vcmp-inline-block vcmp-border-round vcmp-align-center vcmp-button-3\"><a href=\"http:\/\/www.sucroliq.com\/site\/wp-content\/uploads\/2022\/09\/HGQ-003_rev_01_invertida.pdf\" target=\"_blank\"><i class=\"adtheme-icon-arrow-down\"><\/i>Descargar PDF<\/a><\/span>[\/vc_column][\/vc_row][vc_row el_class=&#8221;make-row&#8221; css=&#8221;.vc_custom_1659643973157{margin-top: 60px !important;}&#8221;][vc_column offset=&#8221;vc_hidden-lg vc_hidden-md&#8221;][vc_tta_tabs style=&#8221;flat&#8221; color=&#8221;blue&#8221; spacing=&#8221;3&#8243; active_section=&#8221;1&#8243; no_fill_content_area=&#8221;true&#8221;][vc_tta_section title=&#8221;Cero&#8221; tab_id=&#8221;sucroliq-cero&#8221;][vc_single_image image=&#8221;545&#8243; img_size=&#8221;full&#8221; retina_image=&#8221;yes&#8221;][vc_column_text]<\/p>\n<h3><strong>Sucroliq <span class=\"underline\">Cero<\/span><\/strong> <img loading=\"lazy\" style=\"margin-top: -7px;\" src=\"http:\/\/www.sucroliq.com\/site\/wp-content\/uploads\/2022\/07\/droplet.webp\" alt=\"\" width=\"20\" height=\"25\" \/><\/h3>\n<p>Este producto se caracteriza por presentar un mayor grado de refinaci\u00f3n y decoloraci\u00f3n para obtener az\u00facar liquida clara (&lt;45 UI).<br \/>\nEl Sucroliq Cero es ampliamente usado en la industria refresquera.[\/vc_column_text][lab_button title=&#8221;Descargar PDF&#8221; type=&#8221;standard&#8221; button_bg=&#8221;custom&#8221; link=&#8221;url:%23|title:Sucroliq&#8221; button_txt_custom=&#8221;#0a0a0a&#8221;][\/vc_tta_section][vc_tta_section title=&#8221;400&#8243; tab_id=&#8221;sucroliq-400&#8243;][vc_single_image image=&#8221;544&#8243; img_size=&#8221;full&#8221; retina_image=&#8221;yes&#8221;][vc_column_text]<\/p>\n<h3><strong>Sucroliq <span class=\"underline\">400<\/span><\/strong> <img loading=\"lazy\" style=\"margin-top: -7px;\" src=\"http:\/\/www.sucroliq.com\/site\/wp-content\/uploads\/2022\/07\/droplet.webp\" alt=\"\" width=\"20\" height=\"25\" \/><\/h3>\n<p>Az\u00facar de ca\u00f1a disuelta en agua y posteriormente refinada a trav\u00e9s de procesos de filtraci\u00f3n, apta para una variedad de aplicaciones en la industria alimenticia. Contamos con la tecnolog\u00eda para producir az\u00facar l\u00edquida con diferentes rangos de coloraci\u00f3n de acuerdo a las necesidades de nuestros clientes (600-200 UI)[\/vc_column_text][lab_button title=&#8221;Descargar PDF&#8221; type=&#8221;standard&#8221; button_bg=&#8221;custom&#8221; link=&#8221;url:%23|title:Sucroliq&#8221; button_txt_custom=&#8221;#0a0a0a&#8221;][\/vc_tta_section][vc_tta_section title=&#8221;Invert&#8221; tab_id=&#8221;invert-sucroliq&#8221;][vc_single_image image=&#8221;546&#8243; img_size=&#8221;full&#8221; retina_image=&#8221;yes&#8221;][vc_column_text]<\/p>\n<h3><strong>Invert <span class=\"underline\">Sucroliq<\/span><\/strong> <img loading=\"lazy\" style=\"margin-top: -7px;\" src=\"http:\/\/www.sucroliq.com\/site\/wp-content\/uploads\/2022\/07\/droplet_invert.webp\" alt=\"\" width=\"20\" height=\"25\" \/><\/h3>\n<p>Nuestra az\u00facar invertida est\u00e1 compuesta por glucosa y fructosa lo que permite que nuestro producto tenga un mayor poder edulcorante y sea ideal para procesos de panificaci\u00f3n y cervecer\u00eda. Su composici\u00f3n permite que nuestro producto sea capaz de resaltar notas y sabores particulares en bebidas y, al no presentar cristalizaci\u00f3n, su aplicaci\u00f3n se vuelve m\u00e1s diversa.[\/vc_column_text][lab_button title=&#8221;Descargar PDF&#8221; type=&#8221;standard&#8221; button_bg=&#8221;custom&#8221; link=&#8221;url:%23|title:Sucroliq&#8221; button_txt_custom=&#8221;#0a0a0a&#8221;][\/vc_tta_section][\/vc_tta_tabs][\/vc_column][\/vc_row][vc_row full_width=&#8221;stretch_row_content&#8221; css=&#8221;.vc_custom_1661984499204{margin-top: 20px !important;margin-bottom: 20px !important;}&#8221;][vc_column width=&#8221;2\/3&#8243; offset=&#8221;vc_col-md-offset-2&#8243;][vc_column_text]<\/p>\n<p style=\"text-align: center;\"><strong>Somos capaces de refinar cualquier tipo de az\u00facar a cualquier nivel de refinaci\u00f3n.<\/strong><\/p>\n<p>[\/vc_column_text][\/vc_column][\/vc_row][vc_row css=&#8221;.vc_custom_1661985274163{margin-top: 20px !important;margin-bottom: 20px !important;}&#8221;][vc_column width=&#8221;10\/12&#8243; offset=&#8221;vc_col-md-offset-1 vc_hidden-sm vc_hidden-xs&#8221;][vc_single_image image=&#8221;1261&#8243; img_size=&#8221;full&#8221; retina_image=&#8221;yes&#8221; el_class=&#8221;full-process&#8221;][\/vc_column][\/vc_row][vc_row css=&#8221;.vc_custom_1661985274163{margin-top: 20px !important;margin-bottom: 20px !important;}&#8221;][vc_column width=&#8221;1\/6&#8243; offset=&#8221;vc_hidden-lg vc_hidden-md vc_col-xs-6&#8243;][vc_single_image image=&#8221;1676&#8243; img_size=&#8221;full&#8221; alignment=&#8221;center&#8221;][\/vc_column][vc_column width=&#8221;1\/6&#8243; offset=&#8221;vc_hidden-lg vc_hidden-md vc_col-xs-6&#8243;][vc_single_image image=&#8221;1677&#8243; img_size=&#8221;full&#8221; alignment=&#8221;center&#8221;][\/vc_column][vc_column width=&#8221;1\/6&#8243; offset=&#8221;vc_hidden-lg vc_hidden-md vc_col-xs-6&#8243;][vc_single_image image=&#8221;1678&#8243; img_size=&#8221;full&#8221; alignment=&#8221;center&#8221;][\/vc_column][vc_column width=&#8221;1\/6&#8243; offset=&#8221;vc_hidden-lg vc_hidden-md vc_col-xs-6&#8243;][vc_single_image image=&#8221;1679&#8243; img_size=&#8221;full&#8221; alignment=&#8221;center&#8221;][\/vc_column][vc_column width=&#8221;1\/6&#8243; offset=&#8221;vc_hidden-lg vc_hidden-md vc_col-xs-6&#8243;][vc_single_image image=&#8221;1680&#8243; img_size=&#8221;full&#8221; alignment=&#8221;center&#8221;][\/vc_column][vc_column width=&#8221;1\/6&#8243; offset=&#8221;vc_hidden-lg vc_hidden-md vc_col-xs-6&#8243;][vc_single_image image=&#8221;1681&#8243; img_size=&#8221;full&#8221; alignment=&#8221;center&#8221;][\/vc_column][\/vc_row][vc_row css=&#8221;.vc_custom_1660084027124{margin-top: 80px !important;}&#8221;][vc_column width=&#8221;1\/6&#8243;][\/vc_column][vc_column width=&#8221;2\/3&#8243;][vc_column_text el_class=&#8221;big&#8221;]<\/p>\n<h2 style=\"text-align: center;\">\u00bfQu\u00e9 ventajas ofrece Sucroliq?<\/h2>\n<p class=\"subtitle\" style=\"text-align: center;\">Nuestra mayor ventaja es crear productos m\u00e1s competitivos junto con nuestro clientes, reduciendo sus costos y mejorando sus procesos.<\/p>\n<p>[\/vc_column_text][vc_empty_space height=&#8221;80px&#8221;][\/vc_column][vc_column width=&#8221;1\/6&#8243;][\/vc_column][\/vc_row][vc_row css=&#8221;.vc_custom_1661983450530{margin-top: 0px !important;}&#8221;][vc_column width=&#8221;1\/3&#8243; css=&#8221;.vc_custom_1660084990568{margin-left: 0px !important;}&#8221; el_class=&#8221;listado&#8221;][vc_column_text]<\/p>\n<h4>Homogeneidad<\/h4>\n<p>Sin sorpresas ni impurezas, entregamos productos uniformes en su totalidad.[\/vc_column_text][vc_column_text]<\/p>\n<h4>Operaci\u00f3n<\/h4>\n<p>Operamos y proveemos capacitaci\u00f3n a nuestros clientes para la correcta implementaci\u00f3n de nuestros productos.[\/vc_column_text][\/vc_column][vc_column width=&#8221;1\/3&#8243; el_class=&#8221;listado&#8221;][vc_column_text]<\/p>\n<h4>Inocuidad<\/h4>\n<p>Creado para ser consumido con total libertad alimentaria.[\/vc_column_text][vc_column_text]<\/p>\n<h4>Pureza<\/h4>\n<p>Trabajamos con productos 100% naturales para crear los extractos m\u00e1s puros.[\/vc_column_text][\/vc_column][vc_column width=&#8221;1\/3&#8243; el_class=&#8221;listado&#8221;][vc_column_text]<\/p>\n<h4>Procesos<\/h4>\n<p>Sucroliq es un producto de f\u00e1cil implementaci\u00f3n y adaptable a procesos de fabricaci\u00f3n.[\/vc_column_text][vc_column_text]<\/p>\n<h4>Sin mermas<\/h4>\n<p>Debido a la eficiencia de nuestros procesos Sucroliq es aprovechable al 100%.[\/vc_column_text][\/vc_column][\/vc_row][vc_row full_width=&#8221;stretch_row&#8221; css=&#8221;.vc_custom_1661984900762{margin-top: 60px !important;padding-top: 40px !important;background-color: #ffffff !important;}&#8221;][vc_column width=&#8221;1\/6&#8243; css=&#8221;.vc_custom_1655820956467{margin-left: 40px !important;}&#8221;][\/vc_column][vc_column width=&#8221;2\/3&#8243;][vc_column_text el_class=&#8221;big-paragraph&#8221;]<\/p>\n<p style=\"text-align: center;\">Tambie\u0301n producimos <strong style=\"color: #0051a6;\">azu\u0301car invertida<\/strong> por hidro\u0301lisis que contiene glucosa y fructosa. Tiene la composicio\u0301n perfecta para bebidas ya que apenas genera diferencia en la composicio\u0301n del azu\u0301car, creando una sensacio\u0301n de sabor ma\u0301s completa.<\/p>\n<p>[\/vc_column_text][\/vc_column][vc_column width=&#8221;1\/6&#8243;][\/vc_column][\/vc_row][vc_row full_width=&#8221;stretch_row&#8221; css=&#8221;.vc_custom_1661984781123{margin-top: 0px !important;margin-bottom: 60px !important;padding-bottom: 60px !important;background-color: #ffffff !important;}&#8221;][vc_column width=&#8221;2\/3&#8243; css=&#8221;.vc_custom_1661985173763{margin-top: 0px !important;}&#8221; offset=&#8221;vc_col-md-offset-2&#8243;][vc_column_text css=&#8221;.vc_custom_1660318282976{margin-top: 0px !important;}&#8221;]<\/p>\n<p style=\"text-align: center;\"><strong>Algunos beneficios del az\u00facar invertida<\/strong><\/p>\n<p>[\/vc_column_text][vc_row_inner gap=&#8221;20&#8243;][vc_column_inner width=&#8221;1\/4&#8243; offset=&#8221;vc_col-xs-6&#8243;][vc_single_image image=&#8221;1310&#8243; img_size=&#8221;full&#8221; css=&#8221;.vc_custom_1660326572639{margin-bottom: 15px !important;}&#8221;][vc_column_text]<\/p>\n<p style=\"text-align: center; line-height: 1.2em;\">Vida en anaquel<br \/>\n<strong>m\u00e1s larga<\/strong><\/p>\n<p>[\/vc_column_text][\/vc_column_inner][vc_column_inner width=&#8221;1\/4&#8243; offset=&#8221;vc_col-xs-6&#8243;][vc_single_image image=&#8221;1306&#8243; img_size=&#8221;full&#8221; css=&#8221;.vc_custom_1660325194669{margin-bottom: 15px !important;}&#8221;][vc_column_text]<\/p>\n<p style=\"text-align: center; line-height: 1.2em;\">Hasta 40% m\u00e1s<br \/>\n<strong>dulzor que el az\u00facar<\/strong><\/p>\n<p>[\/vc_column_text][\/vc_column_inner][vc_column_inner width=&#8221;1\/4&#8243; offset=&#8221;vc_col-xs-6&#8243;][vc_single_image image=&#8221;1298&#8243; img_size=&#8221;full&#8221; css=&#8221;.vc_custom_1660324247066{margin-bottom: 15px !important;}&#8221;][vc_column_text]<\/p>\n<p style=\"text-align: center; line-height: 1.2em;\">J\u00e1rabe<br \/>\n<strong>m\u00e1s concentrado<\/strong><\/p>\n<p>[\/vc_column_text][\/vc_column_inner][vc_column_inner width=&#8221;1\/4&#8243; offset=&#8221;vc_col-xs-6&#8243;][vc_single_image image=&#8221;1303&#8243; img_size=&#8221;full&#8221; css=&#8221;.vc_custom_1660324880916{margin-bottom: 15px !important;}&#8221;][vc_column_text]<\/p>\n<p style=\"text-align: center; line-height: 1.2em;\">Acelera procesos de<br \/>\n<strong>panificaci\u00f3n y cervecer\u00eda<\/strong><\/p>\n<p>[\/vc_column_text][\/vc_column_inner][\/vc_row_inner][\/vc_column][\/vc_row][vc_row css=&#8221;.vc_custom_1663779737732{margin-top: 100px !important;margin-bottom: 100px !important;}&#8221; el_class=&#8221;padded-5-percent&#8221;][vc_column][vc_row_inner][vc_column_inner width=&#8221;1\/3&#8243;][vc_column_text]<\/p>\n<h3>\u00bfTienes otros requerimientos?<\/h3>\n<p>M\u00e1ndanos tus datos y con gusto te contactaremos.[\/vc_column_text][\/vc_column_inner][vc_column_inner width=&#8221;2\/3&#8243;]<div class=\"wpforms-container wpforms-container-full\" id=\"wpforms-477\"><form id=\"wpforms-form-477\" class=\"wpforms-validate wpforms-form wpforms-ajax-form\" data-formid=\"477\" method=\"post\" enctype=\"multipart\/form-data\" action=\"\/site\/wp-json\/wp\/v2\/pages\/206\" data-token=\"b6a994bb34ce00f5c3debc5ab5c8303b\"><noscript class=\"wpforms-error-noscript\">Please enable JavaScript in your browser to complete this form.<\/noscript><div class=\"wpforms-field-container\"><div id=\"wpforms-477-field_0-container\" class=\"wpforms-field wpforms-field-name wpforms-one-half wpforms-first\" data-field-id=\"0\"><label class=\"wpforms-field-label wpforms-label-hide\" for=\"wpforms-477-field_0\">Name <span class=\"wpforms-required-label\">*<\/span><\/label><input type=\"text\" id=\"wpforms-477-field_0\" class=\"wpforms-field-large wpforms-field-required\" name=\"wpforms[fields][0]\" placeholder=\"Nombre completo\" required><\/div><div id=\"wpforms-477-field_1-container\" class=\"wpforms-field wpforms-field-email wpforms-one-half\" data-field-id=\"1\"><label class=\"wpforms-field-label wpforms-label-hide\" for=\"wpforms-477-field_1\">Email <span class=\"wpforms-required-label\">*<\/span><\/label><input type=\"email\" id=\"wpforms-477-field_1\" class=\"wpforms-field-large wpforms-field-required\" name=\"wpforms[fields][1]\" placeholder=\"Correo electr\u00f3nico\" required><\/div><div id=\"wpforms-477-field_3-container\" class=\"wpforms-field wpforms-field-text wpforms-one-half wpforms-first\" data-field-id=\"3\"><label class=\"wpforms-field-label wpforms-label-hide\" for=\"wpforms-477-field_3\">Tel\u00e9fono<\/label><input type=\"text\" id=\"wpforms-477-field_3\" class=\"wpforms-field-large\" name=\"wpforms[fields][3]\" placeholder=\"Tel\u00e9fono\" ><\/div><div id=\"wpforms-477-field_4-container\" class=\"wpforms-field wpforms-field-text wpforms-one-half\" data-field-id=\"4\"><label class=\"wpforms-field-label wpforms-label-hide\" for=\"wpforms-477-field_4\">Empresa<\/label><input type=\"text\" id=\"wpforms-477-field_4\" class=\"wpforms-field-large\" name=\"wpforms[fields][4]\" placeholder=\"Empresa\" ><\/div><div id=\"wpforms-477-field_2-container\" class=\"wpforms-field wpforms-field-textarea\" data-field-id=\"2\"><label class=\"wpforms-field-label wpforms-label-hide\" for=\"wpforms-477-field_2\">Mensaje <span class=\"wpforms-required-label\">*<\/span><\/label><textarea id=\"wpforms-477-field_2\" class=\"wpforms-field-large wpforms-field-required\" name=\"wpforms[fields][2]\" placeholder=\"Mensaje\" required><\/textarea><\/div><\/div><div class=\"wpforms-submit-container\"><input type=\"hidden\" name=\"wpforms[id]\" value=\"477\"><input type=\"hidden\" name=\"wpforms[author]\" value=\"1\"><button type=\"submit\" name=\"wpforms[submit]\" id=\"wpforms-submit-477\" class=\"wpforms-submit\" data-alt-text=\"Enviando...\" data-submit-text=\"Enviar mensaje\" aria-live=\"assertive\" value=\"wpforms-submit\">Enviar mensaje<\/button><img src=\"https:\/\/www.sucroliq.com\/site\/wp-content\/plugins\/wpforms-lite\/assets\/images\/submit-spin.svg\" class=\"wpforms-submit-spinner\" style=\"display: none;\" width=\"26\" height=\"26\" alt=\"Loading\"><\/div><\/form><\/div>  <!-- .wpforms-container -->[\/vc_column_inner][\/vc_row_inner][\/vc_column][\/vc_row]<\/p>\n","protected":false},"excerpt":{"rendered":"<p>[vc_row content_placement=&#8221;middle&#8221; type_background=&#8221;video_bg_element&#8221; vcmp_video_local_sound=&#8221;mute&#8221; responsive_mode=&#8221;true&#8221; css=&#8221;.vc_custom_1664303292954{margin-top: 0px !important;padding-top: 105px !important;padding-bottom: 105px !important;background-position: center !important;background-repeat: no-repeat !important;background-size: contain !important;}&#8221; vcmp_video_url=&#8221;http:\/\/www.sucroliq.com\/site\/wp-content\/uploads\/2022\/08\/sucroliq_trimmed.mp4&#8243; el_class=&#8221;extended-row&#8221;][vc_column][vc_column_text el_class=&#8221;text-white max-width-640&#8243;] Sucroliq Az\u00facar l\u00edquida de alta tecnolog\u00eda. Sucroliq es un jarabe de sacarosa, obtenido de la mezcla de az\u00facar de ca\u00f1a y agua con diferentes grados de purificaci\u00f3n.[\/vc_column_text][\/vc_column][\/vc_row][vc_row css_animation=&#8221;none&#8221;][vc_column offset=&#8221;vc_hidden-sm vc_hidden-xs&#8221;][vc_empty_space height=&#8221;100px&#8221;][\/vc_column][\/vc_row][vc_row content_placement=&#8221;middle&#8221; css_animation=&#8221;none&#8221;][vc_column&hellip;<\/p>\n","protected":false},"author":1,"featured_media":0,"parent":0,"menu_order":0,"comment_status":"closed","ping_status":"closed","template":"","meta":[],"acf":[],"aioseo_notices":[],"_links":{"self":[{"href":"https:\/\/www.sucroliq.com\/site\/wp-json\/wp\/v2\/pages\/206"}],"collection":[{"href":"https:\/\/www.sucroliq.com\/site\/wp-json\/wp\/v2\/pages"}],"about":[{"href":"https:\/\/www.sucroliq.com\/site\/wp-json\/wp\/v2\/types\/page"}],"author":[{"embeddable":true,"href":"https:\/\/www.sucroliq.com\/site\/wp-json\/wp\/v2\/users\/1"}],"replies":[{"embeddable":true,"href":"https:\/\/www.sucroliq.com\/site\/wp-json\/wp\/v2\/comments?post=206"}],"version-history":[{"count":255,"href":"https:\/\/www.sucroliq.com\/site\/wp-json\/wp\/v2\/pages\/206\/revisions"}],"predecessor-version":[{"id":1737,"href":"https:\/\/www.sucroliq.com\/site\/wp-json\/wp\/v2\/pages\/206\/revisions\/1737"}],"wp:attachment":[{"href":"https:\/\/www.sucroliq.com\/site\/wp-json\/wp\/v2\/media?parent=206"}],"curies":[{"name":"wp","href":"https:\/\/api.w.org\/{rel}","templated":true}]}}